 = 5*v - 17. Give q(c).
-7
Let r be -1*(-8 + -5) - -5. Let f(n) = n**3 - 17*n**2 - 17*n - 28. What is f(r)?
-10
Let b(m) = -m**2 - 4*m + 17. Let y be (1 - 1)*-3*(-3)/(-18). Suppose 4*r + 25 + 3 = y. Let l be b(r). Let x(s) = -s**2 - 5*s - 4. Give x(l).
0
Let r(k) = -74*k + 4*k**2 - 79*k + 13 + 156*k. Let u(t) = -t**2 - 2*t - 2. Let o(a) = r(a) + 5*u(a). Calculate o(-8).
-5
Let x(a) = -4451 + 4446 - 8*a - 21*a. Determine x(-3).
82
Let b be 12/(-14)*((-299)/69 - -2). Suppose -7 = -5*o + 3. Let p(s) = 11*s + 2 + 14*s - 30*s + b*s**o + 1. Calculate p(3).
6
Let k be 3 - (-9)/3 - 3. Suppose 0*r = k*r. Let n(y) be the third derivative of y**4/24 + 2*y**3/3 - 2*y**2 - 75. What is n(r)?
4
Suppose 43 = 2*g - 15. Let x(a) = -7*a**2 + 1 - g*a**2 - 3*a + 38*a**2. Calculate x(2).
3
Let c be (8/(-28))/(7/(-784)). Let z(y) = -y**3 + 34*y**2 - 64*y + 2. Let b be z(c). Let l(x) = 2 - 4*x + 5*x - 2*x**2 + 0*x. Calculate l(b).
-4
Let k(j) = -3*j**2 - 11*j. Let w(r) = 11*r**2 + 18*r + 3. Let x(g) = 4*k(g) + w(g). Give x(-26).
3
Let c(a) = -a**2 + 267*a + 8. Let q(f) = 4*f**2 - 1203*f - 32. Let x(d) = 9*c(d) + 2*q(d). Suppose 5*p - 4*i + 46 = 0, 4*p = i + 2*i - 36. Give x(p).
-10
Let b(p) = p**3 + 8*p**2 - 3*p - 26. Suppose 2043*y = 2028*y - 120. Calculate b(y).
-2
Let b(i) = i. Let n(p) = 6*p + 2. Let j(y) = 5*b(y) - n(y). Let f be ((-8)/(-10))/(26/195). Let x be (-5 + 3)/(f/(-18)). Determine j(x).
-8
Let y(d) = -d**3 + 4*d**2 - 5*d + 4. Suppose -i - 3*i + 2*p - 324 = 0, -p + 243 = -3*i. Let u be -6 + 9/(i/(-72)). Calculate y(u).
2
Let k(y) be the first derivative of -y**4/4 + 7*y**3/3 - 2*y**2 - 2*y + 4. Suppose c - 3*f = 16, -4*c + 2*f + 12 + 12 = 0. What is k(c)?
30
Let d(a) = -a + 1. Suppose -6*u - 6 = -2*u + y, u - 4*y - 7 = 0. Let r be (u + 2)/(-29 + 30). Determine d(r).
0
Let h(m) = 10*m + 265. Let w be h(-27). Let j(a) = 5*a + 4*a**2 + 2*a**3 - a**3 - 8*a - 4. Calculate j(w).
-14
Suppose 10 = 135*n - 130*n. Let h(x) = -2857*x - x**2 - 1 + 1427*x + 1429*x + 10*x**n. Calculate h(-1).
9
Let o(n) = 23*n**2 - 5*n + 1. Let p be o(1). Let d(q) = -4 + 3 + p*q - 10*q. Determine d(1).
8
Let k(s) = 13*s**3 - 15*s**2 + 17*s - 6. Let u(g) = 28*g**3 - 31*g**2 + 35*g - 13. Let t(h) = 13*k(h) - 6*u(h). What is t(8)?
24
Let t(g) = -3*g + 32. Let x(o) = o**2 - 176*o + 1192. Let j be x(7). Determine t(j).
5
Suppose -4*x + 16 = m, 22 = -0*m + 3*m - x. Suppose 2*u = -6, -b = -3*u - 1 - m. Let j(w) = 11 - 20 - w + w**2 + 12. Calculate j(b).
3
Suppose 0*i + 4*i - 2*q - 32 = 0, -4*q + 13 = 3*i. Suppose -i = -x - t, 3*x + 0*t - 17 = t. Let s(d) = d**3 - d**3 - 2 - d**3 + 7*d**2 + 3 - 7*d. Give s(x).
-5
Let p(t) = -t**3 - 6*t**2 - 2*t - 9. Let v be (-1975)/30 + -1*4/24. Let l be 3 + v/18 + 48/(-9). Give p(l).
3
Suppose -1727 + 4877 = -225*k. Let i(n) = -6*n**3 - 13*n**2 + 14*n - 4. Let z(c) = 5*c**3 + 13*c**2 - 14*c + 4. Let q(b) = 4*i(b) + 5*z(b). Give q(k).
4
Let z = 9 + -6. Let x(b) be the third derivative of -b**6/120 + b**5/12 - 5*b**4/24 + b**3/2 + 34*b**2 - 18*b. Calculate x(z).
6
Let i(t) = 2*t + 2. Let s(a) = -3*a + 17. Let k(j) = -4*i(j) - 2*s(j). Determine k(-13).
-16
Let c(i) = -8 - 393*i**3 + 20 - 10*i**2 + 2 + 392*i**3 - 10*i - 9. Give c(-4).
-51
Let k(z) = -z + 19. Let g(d) = -1 - 7 - 3 + 2 + d. Let c(m) = -3*m**3 - 9*m**2 - 4*m - 7. Let q be c(-3). Let t(b) = q*g(b) + 2*k(b). Calculate t(5).
8
Let y(q) = -9*q - 108. Let d(h) = -9*h - 97. Let f(v) = 5*d(v) - 6*y(v). What is f(-18)?
1
Let f(i) = i**3 + 19*i**2 + 14*i + 8. Let m be f(-18). Suppose 0 = -54*z + 28 + m. Let y(x) = 4*x**2 - 5*x + 4. Determine y(z).
10
Suppose -22 = -x - 4*m, -4*x - 5*m + 10*m - 17 = 0. Let y(p) = -49*p + x + 4*p**3 + 50*p - 5*p**3 + 0*p**3 - p**2. What is y(-3)?
17
Let z(a) be the third derivative of -a**6/120 - a**5/30 - a**4/8 + a**3/3 + a**2. Suppose 5*v - 3*y = 2, -26 = 3*v + 59*y - 54*y. What is z(v)?
8
Let g(b) = 3*b + 3. Let q be g(8). Let d be 4/(24/q)*4/6. Suppose 3 = -d*p - 0. Let t(h) = 11*h - 1. Give t(p).
-12
Let k(b) = b**3 - 18*b**2 + 3*b - 1. Let l(s) = s**3 - 91*s**2 + 262*s + 194. Let f be l(88). Determine k(f).
53
Let q = 8 - 6. Let p(n) = 2*n**2 - 4*n**2 + 0*n**q - 4 - 7*n + 0*n**2. Suppose 0 = 2*o + 4*x + 14, 0 = x - 0*x + 1. Determine p(o).
-19
Let b(l) be the first derivative of -l**4/4 - 3*l**3 - 7*l**2/2 + 9*l - 2076. Calculate b(-8).
1
Let b(h) be the second derivative of -h**7/840 - h**6/120 - h**5/120 - 3*h**3 - h**2/2 - 7*h - 1. Let g(m) be the second derivative of b(m). What is g(-3)?
3
Suppose -2*b + 11*h = 9*h - 220, 3*h = -12. Suppose 12*i + b = 178. Let u(m) = -m**2 + 6*m + 2. Give u(i).
2
Let s(x) = -x + 25. Let t be s(20). Let f be 2/(-5) - ((-24)/t)/2. Let j(i) = 2*i - 5 + f - 6*i + 6*i. Give j(5).
7
Let w = 123 - 66. Suppose -d + 2*d + 2*b = -w, 254 = -4*d + 5*b. Let u = -58 - d. Let f(p) = -p**3 + 3*p**2 + p + 4. What is f(u)?
7
Let t(x) = -x**2 - 10*x + 1. Let c be t(-7). Suppose -27 = -j - c. Let n(f) = j + 1 - 3*f**2 - f + 4*f**2 - 7*f. What is n(5)?
-9
Let n = 496 - 490. Let a be ((-8)/(-2) - (n + 0))*3. Let f(h) = -h**2 - 4*h + 4. Calculate f(a).
-8
Let w(f) = -f**3 + 23*f**2 - 27*f - 6. Let b be w(21). Let t(p) = 2*p**2 - 308*p + b*p - 15*p**2. Calculate t(-1).
-14
Suppose -3*i = 1583*o - 1588*o + 14, 5*o - 6 = 2*i. Let a(y) be the first derivative of -2*y**3/3 - 3*y**2/2 - 2*y + 2. Give a(o).
-4
Let t = 2297 - 2290. Let a(s) = -5*s**2 + 35*s - 6. Calculate a(t).
-6
Let r(j) be the second derivative of -3/2*j**2 - 1/6*j**3 + 5*j + 5. Give r(-1).
-2
Let k(j) = -16*j + 13*j - 14655 + 14655. Let c be (-1)/((-10)/(-4) - 2). Determine k(c).
6
Let t(w) = -w**2 + 27*w - 14. Suppose 4*h + 3*u = 92, -3*u + 118 = 12*h - 7*h. Determine t(h).
12
Suppose 299 = 2*q - 5*f, q + 3*q - 3*f = 633. Let r(p) = 5*p + 165 - q - 4*p. Let x be 6*(0 + (-10)/12). What is r(x)?
-2
Let v = -519 + 526. Let y(h) = 6 - 13*h**3 - 4 + 5 + 5*h + v*h**3 + 4*h**2 + 5*h**3. Let c be 6 + 0 - (0 - -1). What is y(c)?
7
Let t(z) = -z - 26. Let d(u) = -u**2 - 27*u - 202. Let s be d(-10). Calculate t(s).
6
Let t(o) be the third derivative of o**5/60 + o**4/8 - 13*o**3/3 + 4*o**2 - 28. Calculate t(6).
28
Let t be (-35)/((-2)/(-2 + 6)). Suppose -t = -5*a - 5*a. Let y(g) = -g**3 + 7*g**2 - g - 1. Calculate y(a).
-8
Let n(m) = m**2 + m - 1. Let o(c) = -c**3 - 7*c**2 - 9*c - 3. Let l(k) = -7*n(k) - o(k). Determine l(0).
10
Let r(i) = -i**3 + 7*i**2 - 3*i - 6. Suppose 22 = -266*t + 263*t + 5*h, -4*t - h = -32. Determine r(t).
12
Suppose 0 = -4*r + 5*y + 11 - 21, 4 = 2*r + 2*y. Let x be (-5 - 216/(-45))*(0 + r). Let j(s) = 3 + 4*s - 3*s + 1. Calculate j(x).
4
Let h(p) = 4*p + 219. Let b = 1159 + -1214. Determine h(b).
-1
Let o(u) be the first derivative of u**4/4 + 8*u**3/3 + 5*u**2/2 - 8*u - 651. Let p be (-52)/8 - (-1)/(-2). What is o(p)?
6
Let c(u) be the third derivative of 9*u**4/8 + 19*u**3/2 - 7444*u**2. What is c(-2)?
3
Let u(k) = -24*k + 22. Let r(g) be the second derivative of -g**3 + 5*g**2/2 + 136*g. Let z(c) = 9*r(c) - 2*u(c). What is z(3)?
-17
Let x be (16/12)/(1/(-6)). Let r be x/(-20) - 84/(-15). Suppose r*b - 1 = 5*b. Let y(v) = -6*v**3 - v**2 - v + 1. What is y(b)?
-7
Let p(z) be the third derivative of -z**5/30 + 7*z**4/12 + 19*z**3/6 - 2*z**2 + 1771*z. Calculate p(8).
3
Suppose i + 6 = 5. Let j(q) = 6*q - 21. Let y(g) = -g - 2. Let c(m) = i*j(m) - 4*y(m). Give c(16).
-3
Let c(l) = l**2 + 7*l. Let p = -59 + 70. Suppose -p*m = -8*m - 6. Suppose -5*y + n - 5 - 11 = 0, 0 = 5*y + m*n + 13. Determine c(y).
-12
Let b(d) = 61*d + d**2 - 6 + 0*d + 8*d - 74*d + 6*d. Let i = 5 - 5. Give b(i).
-6
Let p(s) be the second derivative of s**8/6720 + s**7/504 - s**6/720 - 11*s**5/120 - 6*s**4 - 12*s. Let d(w) be the third derivative of p(w). Determine d(-5).
-6
Let n(h) = 23 - 104 + 17*h + 78. Determine n(-2).
-37
Let p be ((-14)/8)/(12/(-48)). Let d be -4*(p/(-2) - -2). Let w(v) = -4*v**2 - 2*v + 11. Let i(g) = -5*g**2 - g + 12. Let x(m) = d*w(m) - 5*i(m). What is x(4)?
-6
Let p(h) = 2*h**3 - 2*h**2 + h - 1. Let g(n) = -29*n**3 + 56*n**2 - 76*n + 19. Let m(x) = -g(x) - 13*p(x). Determine m(7).
-6
Let c(r) be the first derivative of r**5/60 + 7*r**4/24 + r**3/3 - 109*r**2/2 - 65. Let f(t) be the second derivative of c(t). What is f(-8)?
10
Let i(q) = 2*q**3 - q**2 - 4*q. Suppose -v + 32 =